34 = 2*x, x = 3*d + 35 - s. Calculate the greatest common factor of b and x.
15
Suppose -4*x + 74 = -2*q, 2*q - 11 = -x + 20. Let m = x - 15. Calculate the highest common factor of m and 2.
2
Suppose 212 - 653 = -7*b. What is the highest common divisor of b and 9?
9
Suppose 5*n - 18 + 3 = 0. Calculate the greatest common divisor of 15 and n.
3
Let t = 206 + 10. Calculate the highest common divisor of 27 and t.
27
Suppose 9*r - 4*r = 40. Suppose 4*d - j = 132, -3*j = 4*d - d - 84. Calculate the greatest common factor of d and r.
8
Suppose y + y - 4 = 0. Let h be (-1 - 4)*y/(-5). Let q be (h/(-4))/(3/(-42)). What is the greatest common factor of q and 49?
7
Suppose 3*o - 90 = -2*p + 5*o, -p - 2*o = -57. Let a = -29 + p. What is the greatest common divisor of a and 10?
10
Let o(g) be the second derivative of g**4/2 - g**3/6 - 5*g**2/2 + 2*g. Let k be o(-4). What is the greatest common divisor of 19 and k?
19
Suppose 5*r + 6 = y - 13, -r = 2*y - 5. Let i be 1*6*(r + 5). Calculate the highest common factor of i and 120.
12
Let z(f) = -f + 3. Let o be z(6). Let x be ((-30)/(-18))/((-1)/o). Suppose m - 45 = -2*m. What is the highest common factor of m and x?
5
Let b be 88/5 - 2/(-5). Let f be 27 - 2 - 10/(-5). What is the highest common divisor of f and b?
9
Let v(m) = m**2 + 18*m - 31. Let a be v(-21). What is the greatest common factor of 80 and a?
16
Suppose -2*r + 14 + 26 = 0. Let o be -3 - (-2 - (r + -1)). Calculate the greatest common factor of 2 and o.
2
Let n be 30/18*18*1. Suppose n - 186 = c. Let z be (14/21)/((-2)/c). Calculate the highest common factor of 13 and z.
13
Let l be 0*2/8 + 65. Suppose -4*m - l = -3*c + m, 3*c - m = 49. Let t = 25 - -20. Calculate the greatest common divisor of t and c.
15
Let v(g) = 15*g**3 - g + 1. Let w be v(1). Let r = 30 + -53. Let y = -17 - r. Calculate the highest common divisor of y and w.
3
Let o(z) = z**2 + 2 - 1 + 3*z - 5. Let x be o(5). Let g(b) = 3*b**2 + 10*b + 6. Let d be g(-6). Calculate the greatest common factor of d and x.
18
Let r(n) = n**2 + 12*n - 8. Let h be r(10). Suppose -3*t + 124 = 5*v, 4*t - 3*v - h = 2*v. Calculate the highest common divisor of t and 12.
12
Let k = 16 - -64. Let t(w) = -10*w + 10. Let s be t(0). What is the greatest common factor of k and s?
10
Let v(d) be the third derivative of -d**6/120 - 2*d**5/15 + d**4/3 + 7*d**3/6 - 4*d**2. Let l be v(-9). What is the highest common factor of l and 8?
8
Suppose 7 = 3*c - 5. Suppose 10 = 3*q - 4*b, q + c*b + 3 = 1. Calculate the greatest common divisor of 14 and q.
2
Let s = -41 - -55. Calculate the highest common factor of s and 98.
14
Let y(m) = -m + 2. Let n be y(-5). What is the highest common factor of n and 28?
7
Let s be 15 + -2*(-1 - -2). Let x = -15 - -54. Calculate the highest common factor of x and s.
13
Let k(u) = u**2 - 3. Let w be k(-2). Let r(x) = 2*x**2 + 3*x. Let a be r(-2). Calculate the highest common factor of a and w.
1
Let d = 131 - 14. Suppose -4*j = b - d, -2*b = 2*b + 12. Let v be (9/6)/((-1)/(-4)). What is the highest common factor of v and j?
6
Let d = -2 - -6. Suppose d*a - 82 = 3*t, 4*a - 46 = 2*a - t. Calculate the highest common divisor of a and 242.
22
Suppose 0 = h + 1 + 21. Let i = 14 + h. Let r = 17 + i. What is the greatest common divisor of r and 27?
9
Let q(i) be the third derivative of -i**5/60 - i**4/12 - i**3/3 + 2*i**2. Let p be q(-2). Let o = p + 14. Calculate the greatest common divisor of o and 30.
6
Suppose 0 = 2*q - 5*q - 201. Let p = q + 137. Let k = -46 + p. Calculate the highest common factor of 60 and k.
12
Let h = 7 - 2. Suppose -291 = -h*a + 9. Calculate the highest common divisor of 6 and a.
6
Let t(v) = -43*v + 4. Let a be t(-4). Let c = -39 + 55. Calculate the greatest common divisor of c and a.
16
Let u(m) = 5*m**2 - 3*m + 3. Let j be u(6). Suppose 0*o + o + c = 12, -o - 2*c + 9 = 0. Calculate the highest common divisor of j and o.
15
Let u = 27 + -15. Suppose -4*w + 2*v = -16, 4*w + 4*v = v - 4. Suppose -47 - 1 = -w*j. Calculate the greatest common divisor of u and j.
12
Suppose -4*t = -3*t - 32. Let o = 3 + -1. Suppose 0 = -d + 3*l + o, 0 = -5*d + 4*l + 22 + 10. What is the highest common factor of t and d?
8
Let p be (1/3)/((-1)/(-6)). Suppose -p*g = -3*g + 39. What is the greatest common factor of 26 and g?
13
Let w be (-2 - 0)*(15 + 2). Let p be (-6)/15 - w/10. What is the greatest common divisor of p and 3?
3
Suppose 0 = 3*u + 3*o - 51, 0*o = -3*u + 3*o + 33. What is the greatest common divisor of u and 70?
14
Suppose -q = 4*q - 65. Suppose -3*h - q = -4*h. Calculate the greatest common divisor of 26 and h.
13
Suppose 4*m + 2*t = 744, -568 = -3*m - 0*t - 4*t. Calculate the greatest common factor of m and 23.
23
Let x be -4 - (-4)/2 - -58. Suppose y = -3*y + x. What is the greatest common factor of y and 21?
7
Suppose -5*t = 5*l - 15, -t + 3*l + 5 = -6. Suppose -2*j = 2*n - 0*j - 38, t*n - 3*j - 103 = 0. What is the highest common factor of n and 8?
4
Let d = 9 - 8. Let o be (d/(-2))/(-1)*20. What is the greatest common factor of o and 1?
1
Let z be 1 - (-3)/(0 + 3). Let h be (26/(-5))/(z/(-5)). What is the highest common divisor of 52 and h?
13
Let x(v) = v**3 - 2*v**2 - 2*v - 1. Let l be x(3). Suppose l = -5*a - 8. Let h be 8/(3*a/(-6)). What is the greatest common divisor of h and 72?
8
Suppose -5*v + 165 = 2*x, -3*v - 205 = -2*x - 0*v. Let p = x + -29. Calculate the greatest common divisor of 6 and p.
6
Let g = -54 - -207. Calculate the greatest common divisor of g and 17.
17
Let o = 25 - 8. Suppose 2*b - 1 = -o. Let q be 0 + -1 - 2*b. Calculate the greatest common factor of q and 135.
15
Suppose 5*h = y + 19, -h - 4*y - 4 = 9. Suppose v + 5 = 2*d, -2*v - h*v - 10 = 5*d. Suppose m - 7*m + 66 = 0. What is the highest common factor of d and m?
1
Suppose 16 = -b - 5*y, -2*y - 6 = -5*b + 22. Let s = 33 + 11. Calculate the greatest common divisor of s and b.
4
Let t(f) = f**3 + f**2 - 6*f. Let a be t(5). Calculate the greatest common divisor of a and 15.
15
Suppose -2*l - l = -9. Suppose -l*r + 8 = r. Let m = -1 - -2. Calculate the greatest common factor of m and r.
1
Let o(x) = x - 5. Let f be o(7). What is the highest common factor of f and 6?
2
Let m be 1 - ((0 - 2) + -57). Let v be 10/45 - (-50)/18. Suppose n + 21 = v*y - 27, n = -3. What is the greatest common factor of m and y?
15
Suppose -3*x + 0*z = 2*z - 56, 3 = 3*z. Let l be 8/(-32) + (-434)/(-8). Calculate the highest common factor of l and x.
18
Let s(m) = 6*m - 3. Let i be s(4). What is the highest common factor of i and 7?
7
Suppose 5*o + 2*j = 502, -j - 322 = -3*o + 3*j. Calculate the highest common divisor of o and 68.
34
Let n = 10 - 4. Calculate the highest common factor of 15 and n.
3
Suppose -2*o = -5*o - 15. Let s = 20 + o. Let y be (-2)/2 + 1 + s. What is the greatest common factor of 135 and y?
15
Let h = 9 - 5. Suppose 3*p - p = h. Calculate the highest common divisor of p and 2.
2
Let x = 1 + 0. Let o = 5 - x. Let q(d) = -d**3 - 4*d**2 + 4*d - 3. Let v be q(-5). What is the greatest common factor of o and v?
2
Let m be ((-14)/(-98))/((-2)/(-14)). Suppose 2*h + m = 29. What is the highest common factor of h and 21?
7
Let z = 4 + 4. Let y be (-1)/(-2) + 236/z. Calculate the greatest common factor of y and 45.
15
Suppose 15 = 5*z - 5*a - 55, 47 = 3*z + 2*a. Let b be 0/(5/((-5)/(-2))). Suppose -3*c + b*c + 495 = 0. What is the greatest common factor of z and c?
15
Let m be (-2 + (-21)/(-12))*-20. Suppose -42 = 3*v - m*v. Calculate the highest common divisor of 231 and v.
21
Suppose 0 = 5*m - 5*i, -2*m + 27 = 2*m + 5*i. Let q = m + 0. Let o(r) = -r**2 - 6*r - 2. Let c be o(-5). Calculate the greatest common factor of c and q.
3
Suppose -4*k - k + 28 = 2*u, 0 = 5*u - 3*k - 70. What is the greatest common factor of u and 112?
14
Let k be (1 + -7)/((-18)/24). What is the highest common factor of 72 and k?
8
Let l = 411 + -203. Calculate the greatest common factor of l and 26.
26
Let c = 4 + 123. Suppose 4*j + 0*a = -5*a + c, -5*a + 61 = 2*j. Calculate the greatest common divisor of j and 3.
3
Let x(d) = -d + 5. Let s be x(-9). Suppose 4*u = 4*g - 12, -6*u - 5*g = -2*u - 33. What is the greatest common factor of u and s?
2
Suppose -5*t + 145 = -4*t. Suppose -5*j - t = -4*v, -95 = -4*v + 2*j + 59.